ose 13 = -0*u + u - 3*h, 4*u = -5*h + 1. Suppose 0 = d + 4*d - 2*t - 15, d - u*t = -15. Let n = -1 + 15. What is the remainder when n is divided by d?
4
Suppose z - 18 = -3*o, -3*o - o = -2*z + 26. Suppose 0 = -3*s - 2*s + 220. Calculate the remainder when s is divided by z.
14
Let p(q) = -q**2 + 10*q. Let w(i) = 1. Let m(y) = p(y) + 6*w(y). Calculate the remainder when (-5)/(-2)*4*1 is divided by m(10).
4
Let o(j) = 15*j**3 - 2*j + 1. Suppose 0 = 4*n - 3*m + 1 - 2, -5*m = -5. Calculate the remainder when 41 is divided by o(n).
13
Let i be (-2 + 5/4)*24. Let y = -34 - -51. What is the remainder when y is divided by i/12*10/(-3)?
2
Suppose 3*p = 18 + 24. What is the remainder when 25 is divided by p?
11
Suppose 7 = 3*h - 26. Calculate the remainder when 44 is divided by h.
0
Suppose 0 = 4*c - 8, 2*l - c - 7 = -1. Suppose -11 = 2*q - b - 4*b, 5*q - 3*b - 1 = 0. What is the remainder when 8 - ((-12)/(-3))/q is divided by l?
2
Let c(u) = 26*u**2 - 2*u + 1. Suppose 388 = f + 3*f. Calculate the remainder when f is divided by c(1).
22
Let d = -167 - -101. Let j = -40 - d. What is the remainder when 50 is divided by j?
24
Let h be (1 - 3)*3/6. Let j = 6 - 2. Let w = j - h. What is the remainder when 12 is divided by w?
2
Calculate the remainder when 2 + -4 - (-5 + -59) is divided by 21.
20
Suppose -3*c - 22 = -4*f, -1 = -4*f - 2*c + 31. Suppose 0 = 4*h + h + 240. Let r = 67 + h. What is the remainder when r is divided by f?
5
Let y = -118 - -122. Let z = 5 - 0. Calculate the remainder when z is divided by y.
1
Suppose -2*g = -6*g + 12. Suppose 3*n = -z + 11, -3*n + 5*n = g*z - 55. Suppose -z = -3*v + 28. Calculate the remainder when 43 is divided by v.
13
Let z(x) = -2*x**2 + 43*x - 29. Calculate the remainder when z(20) is divided by 3.
1
Let x(m) = m + 7. Let f be x(-5). Suppose 0 - f = -i. Suppose 4*g - i*g - 68 = 0. What is the remainder when g is divided by 12?
10
Let i(w) = -w**3 + 4*w**2 - 3*w + 1. Let d be i(3). Suppose 11 = 5*y + d. What is the remainder when 3 is divided by y?
1
Let b = 2 - 4. Let c = 2 + b. Suppose c = -0*f + f - 18. Calculate the remainder when 52 is divided by f.
16
Let k(d) = -8*d + 2. Suppose 4*m = m + 201. Let c = m + -42. Calculate the remainder when k(-9) is divided by c.
24
Let n(m) = 7*m - 3. Let x(c) = -c**3 + 4*c**2 - 3*c + 4. Let h be x(3). Let p = 0 + 9. What is the remainder when n(h) is divided by p?
7
Let l be 2/(-4)*8/(-2). Let y(z) = 3*z**3 + z**2 - z - 1. What is the remainder when 99 is divided by y(l)?
24
Let j(f) = -f + 5. Let y be j(3). Let w(x) = 0*x - x**y - x + 0*x + 13 - x**3. What is the remainder when w(0) is divided by 7?
6
Suppose -2*k + 7*p - 2*p + 33 = 0, 57 = 5*k - 4*p. Let j(d) = 3*d + 2. Let v be 86/18 + (-6)/(-27). Calculate the remainder when j(v) is divided by k.
8
Let v(q) = -3 + 3*q + 6*q - 3*q - 4*q. Let a be v(3). Calculate the remainder when 5 is divided by ((-15)/(-9) + -1)*a.
1
Calculate the remainder when 70 is divided by (-579)/(-15) + (-1 - (-2)/5).
32
Suppose 4*i = -3*w + 48, 3*w + 7*i - 45 = 2*i. Suppose w = -q + 6*q. Suppose -q*x = 3*z - 17, 3*x - 4*x = -z - 6. What is the remainder when 13 is divided by x?
3
Let h = 228 - 110. Calculate the remainder when h is divided by 30.
28
Suppose 6*j = 4*j + 78. Suppose -13 = -f - k - 1, 3*k + 4 = f. Calculate the remainder when j is divided by f.
9
Suppose 29 = 2*p + 5*y, 4*y = -0*p + p - 34. Calculate the remainder when 128/3 - (-2)/(-3) is divided by p.
20
Let p(u) = -4*u - 8. Let t be p(-9). Suppose -4*x - 3*r = -28, -2*x + 0*x = 5*r - t. Calculate the remainder when x is divided by 3.
1
Let v = 14 - 2. Let z = 7 - -14. What is the remainder when z is divided by v?
9
Let l(b) = -9*b - 1. Let h be l(2). Let a = -6 - h. Let p = -9 + a. What is the remainder when 7 is divided by p?
3
Suppose 0 = -o + 23 - 5. Suppose -w - 13 = -0*a - 3*a, -4 = -2*a + 3*w. Calculate the remainder when o is divided by a.
3
Let x be 36 + (1 + -1)/(-1). Calculate the remainder when (-27)/x + 230/8 is divided by 10.
8
Suppose 0 = -5*o + 113 - 28. Suppose o*r - 48 = 13*r. What is the remainder when 32 is divided by r?
8
Let n be (-8)/20 - (-568)/20. Suppose 30*u = 26*u + n. Calculate the remainder when u is divided by (-12)/(-10)*(-10)/(-4).
1
Let y(t) = t**3 + 4*t**2 + 2*t - 1. What is the remainder when 7 is divided by y(-3)?
1
Suppose i + 2 = -p, -4*i = -3*p - 18 - 2. Let f(s) = s**2 - 12*s + 2. Let k = -9 - -21. Calculate the remainder when i is divided by f(k).
0
Let p = -1 - -2. Suppose -8 - 48 = -3*r - 4*b, b - 5 = 0. What is the remainder when (p - -13)*5/2 is divided by r?
11
Let s = 364 - 234. Suppose 0 = 3*b - 7*b + 3*d + 77, -5*b - 3*d = -s. What is the remainder when (-22)/((-7 + 3)/8) is divided by b?
21
Suppose 0 = -4*r + 8*r - 120. Suppose -r = -2*t - 0*t. What is the remainder when (-436)/(-10) + 2/5 is divided by t?
14
Suppose -3*a - 2*a + 55 = 0. Let p(i) = 3*i**2 + i - 4. Suppose -5*v = g + 3 - 5, -5*g + 3*v = 18. Calculate the remainder when p(g) is divided by a.
9
Let f(p) = -p - 1. Let i be f(-5). Suppose i*n - 64 = 44. What is the remainder when n is divided by 10?
7
Let g = -219 - -124. Let b = 138 + g. What is the remainder when b is divided by 15?
13
Let x = -2 + 3. Let u(g) = 18*g**3 - 2*g**2 + 2*g - 1. Calculate the remainder when 50 is divided by u(x).
16
Suppose 6*m = 5*o + 3*m - 10, -3*m + 15 = 0. Suppose n - o = -0*n. What is the remainder when n is divided by 2?
1
Suppose -72 + 0 = -6*a. Calculate the remainder when 105 is divided by a.
9
Let s = 4 + -12. Calculate the remainder when ((-100)/s)/(1/2) is divided by 9.
7
Let t(v) = 20*v + 2. Suppose 0 = w - 3*w - 4. Let a be t(w). Let i = -8 - a. Calculate the remainder when i is divided by 16.
14
Let w(y) be the first derivative of y**4/4 + 8*y + 5. Calculate the remainder when 15 is divided by w(0).
7
Let h be -1 + 12 - (8 - 6). Let m = 18 - h. Suppose -v + m = 1. What is the remainder when 14 is divided by v?
6
Suppose -r + 5*r - 16 = 0. What is the remainder when 19 is divided by r?
3
Let v(i) = i**2 - i + 11. Calculate the remainder when 88 is divided by v(5).
26
Let l = -1 - 0. Let s be ((-4)/14)/(l/7). Calculate the remainder when 21 is divided by (5 - s) + -1 - -9.
10
Let y be 6/((-3)/(-63)*3). Let w = y + -15. What is the remainder when w is divided by 10?
7
Let t(b) = -b**2 - 9*b - 2. Let x be t(-8). Calculate the remainder when (x/(-3))/(6/(-129)) is divided by 15.
13
Let q(c) = c**3 - 3*c**2 + c. Let o be q(3). Let t be -1 + (0 - (-18)/o). Let g(s) = 3*s - 6. What is the remainder when 26 is divided by g(t)?
8
Let u(g) = -2*g**3 - 5*g**2 - 5*g - 3. Suppose 2*c = -5*z + 22, 0 = -3*c + z + 4*z + 8. Calculate the remainder when u(-3) is divided by c.
3
Let o(z) be the first derivative of -z**4/4 + 2*z**3 + 4*z**2 + 4*z - 4. What is the remainder when 20 is divided by o(7)?
9
Let i = 35 - -8. What is the remainder when i is divided by 15?
13
Suppose r = 3 + 5. Suppose 4*p - 28 = r. What is the remainder when ((-1)/2 - 0)*-50 is divided by p?
7
Let l(f) = -f + 9. Let g be l(7). Let q = g + 1. Suppose 7 + 5 = q*p. Calculate the remainder when 11 is divided by p.
3
Suppose g - 12 = 22. Let o = -67 - -115. Suppose 0 = 4*k - 0*k - o. What is the remainder when g is divided by k?
10
Let f = 21 + -15. Let w = -3 - -6. Suppose w*t - 48 = -3. Calculate the remainder when t is divided by f.
3
Suppose 0 = -4*y + 6*y + 6. Let i(p) = -p**2 - 5*p - 2. Let l be i(y). Suppose -8 = -l*q + 24. What is the remainder when 23 is divided by q?
7
Let w = 24 - -6. Let y(u) = 3*u**2 - u + 1. What is the remainder when w is divided by y(2)?
8
Suppose 0 = u - 7 - 4. Let x = u - -51. What is the remainder when x is divided by 21?
20
Let g be 1 - (-2)/(2/2). Let m be (-2)/g*(-4 - -1). Suppose -m*o + 13 = 1. Calculate the remainder when 16 is divided by o.
4
Let l(d) be the second derivative of 1/2*d**2 + 0 + 1/2*d**3 + 2*d. Calculate the remainder when l(7) is divided by 12.
10
Let z(p) = 18*p**2 - 10. Calculate the remainder when z(3) is divided by 39.
35
Let q = -11 - -58. Let a be 0/(0/3 + 1). Suppose 0*d + 5*d - 80 = a. Calculate the remainder when q is divided by d.
15
Let t be ((-130)/4)/(3/6). Let d = -30 - t. Suppose 2*p - 6 = -5*i, 3*p - 2*i - d = -3*i. Calculate the remainder whe